 456068 is divided by 227889?
290
What is the remainder when 38775951 is divided by 5731?
5
Calculate the remainder when 207741825 is divided by 103870905.
15
Calculate the remainder when 256806 is divided by 13505.
211
What is the remainder when 2633934 is divided by 2633902?
32
What is the remainder when 993201 is divided by 66?
33
What is the remainder when 2883149 is divided by 604?
257
What is the remainder when 2492956 is divided by 94?
76
What is the remainder when 67666902 is divided by 2089?
14
Calculate the remainder when 167670363 is divided by 3272.
3267
What is the remainder when 29847433 is divided by 107?
104
Calculate the remainder when 4696747 is divided by 42.
13
Calculate the remainder when 796860 is divided by 796532.
328
Calculate the remainder when 12645210 is divided by 142081.
1
Calculate the remainder when 341954 is divided by 907.
15
Calculate the remainder when 20380892 is divided by 27.
23
Calculate the remainder when 65964545 is divided by 52.
49
Calculate the remainder when 7814632 is divided by 86.
70
Calculate the remainder when 204540 is divided by 33.
6
Calculate the remainder when 16889 is divided by 4717.
2738
Calculate the remainder when 27541 is divided by 458.
61
What is the remainder when 13886982 is divided by 13887?
13869
Calculate the remainder when 8276922 is divided by 4138448.
26
Calculate the remainder when 999049 is divided by 499524.
1
Calculate the remainder when 25362313 is divided by 3247.
3243
What is the remainder when 10636205 is divided by 425448?
5
What is the remainder when 4537491 is divided by 4397?
4184
What is the remainder when 1604198 is divided by 47?
41
Calculate the remainder when 11551693 is divided by 19546.
7
Calculate the remainder when 207189 is divided by 1609.
1237
Calculate the remainder when 2358 is divided by 896.
566
What is the remainder when 57205 is divided by 10528?
4565
Calculate the remainder when 1442658 is divided by 3837.
3783
Calculate the remainder when 311688628 is divided by 10565.
10563
Calculate the remainder when 19367296 is divided by 12568.
8
What is the remainder when 3768625 is divided by 10586?
9
Calculate the remainder when 1065774026 is divided by 44.
42
What is the remainder when 155297 is divided by 638?
263
Calculate the remainder when 328340 is divided by 337.
102
What is the remainder when 133513 is divided by 59?
55
What is the remainder when 116804568 is divided by 39?
36
Calculate the remainder when 51448761 is divided by 267.
264
What is the remainder when 58392 is divided by 4427?
841
Calculate the remainder when 51250215 is divided by 18245.
10
What is the remainder when 7698423 is divided by 258?
219
Calculate the remainder when 340765 is divided by 112769.
2458
Calculate the remainder when 14766 is divided by 474.
72
What is the remainder when 46437272 is divided by 2073?
2072
What is the remainder when 65375 is divided by 388?
191
Calculate the remainder when 84880 is divided by 822.
214
What is the remainder when 939584 is divided by 469788?
8
What is the remainder when 2335875 is divided by 3425?
25
Calculate the remainder when 86077493 is divided by 216.
197
What is the remainder when 870818 is divided by 2773?
96
What is the remainder when 304509 is divided by 26?
23
Calculate the remainder when 3404159 is divided by 425516.
31
Calculate the remainder when 95134 is divided by 439.
310
Calculate the remainder when 16314454 is divided by 24.
22
Calculate the remainder when 141611 is divided by 76.
23
What is the remainder when 2082899 is divided by 172?
151
Calculate the remainder when 2881 is divided by 1811.
1070
Calculate the remainder when 2800488 is divided by 10528.
40
Calculate the remainder when 2862966 is divided by 4021.
14
What is the remainder when 2786783 is divided by 557241?
578
What is the remainder when 594904 is divided by 1403?
32
Calculate the remainder when 20964648 is divided by 10482320.
8
Calculate the remainder when 2990487 is divided by 830.
827
Calculate the remainder when 951669 is divided by 553.
509
Calculate the remainder when 10593774 is divided by 568.
6
What is the remainder when 25554 is divided by 689?
61
Calculate the remainder when 1170878 is divided by 445.
83
Calculate the remainder when 26265644 is divided by 5592.
20
What is the remainder when 1547803 is divided by 91046?
21
What is the remainder when 34022 is divided by 8422?
334
What is the remainder when 52729559 is divided by 52729509?
50
What is the remainder when 1093140 is divided by 57533?
13
What is the remainder when 79245723 is divided by 68611?
18
What is the remainder when 5258685 is divided by 309333?
24
Calculate the remainder when 117353 is divided by 289.
19
Calculate the remainder when 782049 is divided by 868.
849
Calculate the remainder when 3682544 is divided by 31.
23
Calculate the remainder when 38843 is divided by 19241.
361
Calculate the remainder when 499435 is divided by 124840.
75
What is the remainder when 32668 is divided by 8658?
6694
Calculate the remainder when 26869 is divided by 13408.
53
Calculate the remainder when 1069364 is divided by 339.
158
What is the remainder when 22085022 is divided by 40?
22
Calculate the remainder when 23382 is divided by 380.
202
Calculate the remainder when 31708443 is divided by 37.
35
What is the remainder when 6897 is divided by 6694?
203
What is the remainder when 406943 is divided by 101283?
1811
Calculate the remainder when 278779 is divided by 69553.
567
What is the remainder when 243847 is divided by 2056?
1239
Calculate the remainder when 362845 is divided by 586.
111
Calculate the remainder when 2735727 is divided by 176.
159
What is the remainder when 112630 is divided by 22507?
95
Calculate the remainder when 976237 is divided by 162704.
13
Calculate the remainder when 52350 is divided by 1481.
515
Calculate the remainder when 401207 is divided by 2046.
191
What is the remainder when 838734 is divided by 231?
204
What is the remainder when 42574 is divided by 341?
290
Calculate the remainder when 3817490 is divided by 763496.
10
Calculate the remainder when 604326 is divided by 178.
16
What is the remainder when 230673 is divided by 57576?
369
What is the remainder when 23842338 is divided by 23842333?
5
What is the remainder when 55168 is divided by 14864?
10576
What is the remainder when 3711202 is divided by 779?
46
What is the remainder when 38428 is divided by 5073?
2917
What is the remainder when 1226714 is divided by 94?
14
Calculate the remainder when 936318 is divided by 2935.
53
Calculate the remainder when 11546761 is divided by 1924459.
7
Calculate the remainder when 5630709 is divided by 4.
1
What is the remainder when 107693 is divided by 4840?
1213
What is the remainder when 10113321 is divided by 137?
118
What is the remainder when 1428370 is divided by 3653?
47
What is the remainder when 259865 is divided by 6817?
819
What is the remainder when 72234 is divided by 36006?
222
What is the remainder when 1282074 is divided by 128?
26
Calculate the remainder when 60468846 is divided by 44.
42
Calculate the remainder when 262067 is divided by 3752.
3179
What is the remainder when 779098 is divided by 13?
8
What is the remainder when 10722766 is divided by 196?
194
What is the remainder when 74297093 is divided by 212?
209
Calculate the remainder when 6502477 is divided by 56.
37
Calculate the remainder when 4167580 is divided by 273.
235
Calculate the remainder when 14454 is divided by 429.
297
Calculate the remainder when 803874155 is divided by 3.
2
What is the remainder when 709945 is divided by 354888?
169
What is the remainder when 1817157 is divided by 908578?
1
What is the remainder when 1267461 is divided by 2064?
165
Calculate the remainder when 181283423 is divided by 317.
316
Calculate the remainder when 30126506 is divided by 185.
181
Calculate the remainder when 271116 is divided by 2479.
905
Calculate the remainder when 248419 is divided by 1009.
205
Calculate the remainder when 145172 is divided by 1821.
1313
Calculate the remainder when 191703 is divided by 415.
388
Calculate the remainder when 1844733 is divided by 393.
384
What is the remainder when 2714000 is divided by 169624?
16
Calculate the remainder when 12715065 is div